?
1221120
In base 16, what is -75c - 1f?
-77b
In base 13, what is -39ca + -54?
-3a51
In base 2, what is 10101111011 - 101111?
10101001100
In base 16, what is -1be64 - 19?
-1be7d
In base 15, what is 0 - be5d9?
-be5d9
In base 16, what is 1 - 29b?
-29a
In base 2, what is 1001000 + -11101110000?
-11100101000
In base 12, what is -32 + -1b?
-51
In base 13, what is -8 - 1280?
-1288
In base 13, what is -9a071a - -4?
-9a0716
In base 10, what is 1752663 - -2?
1752665
In base 10, what is 7870 + -161?
7709
In base 3, what is -11022101 - -12110?
-11002221
In base 6, what is 13 + 1550510?
1550523
In base 4, what is -112201 - 1221?
-120022
In base 7, what is 15 - -124625?
124643
In base 9, what is -185 + -448?
-644
In base 4, what is -100001 + -22011?
-122012
In base 13, what is 11 - 102bb?
-102aa
In base 11, what is 306 - 293?
23
In base 15, what is 120 + -b3e?
-a1e
In base 15, what is -29a44 + 3c?
-29a07
In base 12, what is -bab0 + 90?
-ba20
In base 16, what is 85 - -94a?
9cf
In base 11, what is 650 + 327?
977
In base 11, what is 1614 - 7a?
1545
In base 2, what is -1 - -101101000111100?
101101000111011
In base 16, what is -3 - -e1b?
e18
In base 5, what is 2 - -1102?
1104
In base 4, what is -20112010 - 3?
-20112013
In base 15, what is -974 - 0?
-974
In base 4, what is -13 - 200?
-213
In base 11, what is 27471 - 5?
27467
In base 16, what is -1d + 1bbc4?
1bba7
In base 2, what is 10011101110101101100 + -100?
10011101110101101000
In base 5, what is 2 + 1303211?
1303213
In base 6, what is -433 + -103005?
-103442
In base 8, what is -145703 + -1?
-145704
In base 12, what is 40679 + -5?
40674
In base 13, what is 0 + 46c79?
46c79
In base 10, what is -682117 + 0?
-682117
In base 11, what is 49 - -1a43?
1a91
In base 3, what is 21121 + -1102?
20012
In base 4, what is -11 - 1123203122?
-1123203133
In base 3, what is -110211 + 101001?
-2210
In base 8, what is 102 + -450?
-346
In base 9, what is -350 + 3263?
2813
In base 7, what is 62362 - -1?
62363
In base 16, what is -1 - 109b?
-109c
In base 4, what is -22211122 + -11?
-22211133
In base 6, what is -1030 - 445?
-1515
In base 8, what is 613732 - -3?
613735
In base 9, what is 27 - 276?
-248
In base 2, what is 0 - 10010101001001110?
-10010101001001110
In base 11, what is 1227 + -1aa?
1028
In base 4, what is -32 - 20230222?
-20230320
In base 6, what is -1020 + -1453?
-2513
In base 2, what is 1011 + -1111001110?
-1111000011
In base 15, what is 30bc + 3?
30c0
In base 9, what is -1 - 23574?
-23575
In base 6, what is -2 - 115305?
-115311
In base 13, what is 0 - 3b8b?
-3b8b
In base 14, what is b45 - 11?
b34
In base 2, what is -101111 + 111100010101101?
111100001111110
In base 8, what is 147 - 617?
-450
In base 5, what is 4 + -22241103?
-22241044
In base 6, what is 0 + 120443?
120443
In base 15, what is 9759 - 8?
9751
In base 12, what is -1a7 - 206?
-3b1
In base 13, what is 0 + 19749?
19749
In base 12, what is 2b34a - -3?
2b351
In base 10, what is 58572 + -10?
58562
In base 15, what is -3a50 + 40?
-3a10
In base 4, what is 1003 - -3211330?
3212333
In base 3, what is 110 - 1000222100?
-1000221220
In base 6, what is -5 + -31302?
-31311
In base 10, what is -1098 + -2749?
-3847
In base 7, what is 13026333 - 1?
13026332
In base 11, what is -2693 - -23?
-2670
In base 13, what is 2 + -429c?
-429a
In base 6, what is 443 + -5051?
-4204
In base 6, what is 35253 - 44?
35205
In base 2, what is -110011001110111 + -101?
-110011001111100
In base 3, what is -10000 - 10000?
-20000
In base 7, what is -112053 + -1?
-112054
In base 16, what is 1791 + -5?
178c
In base 2, what is -1100011 + 100110101101?
100101001010
In base 12, what is 12 - -1828?
183a
In base 7, what is 22145 - 54?
22061
In base 15, what is -5 - 2bb1?
-2bb6
In base 15, what is 1 + -c3ab2?
-c3ab1
In base 5, what is -31 + 11101404?
11101323
In base 16, what is 2 + -2da0?
-2d9e
In base 16, what is 1 + e75?
e76
In base 5, what is -144 + -4101?
-4300
In base 9, what is 0 - 170217?
-170217
In base 12, what is 22 - -6571a?
65740
In base 5, what is 2 + 4040230?
4040232
In base 8, what is 6 + 616776?
617004
In base 14, what is -b - 61c?
-629
In base 5, what is -31212 + 102?
-31110
In base 11, what is 0 - 771853?
-771853
In base 12, what is 170605 + 4?
170609
In base 6, what is -115511 - -34?
-115433
In base 4, what is 23 + 32200?
32223
In base 13, what is -384 + -2832?
-2bb6
In base 9, what is 1140 + 540?
1680
In base 3, what is 200101 - -1120121?
2020222
In base 7, what is -4 - 105133?
-105140
In base 12, what is -88 - -4195?
4109
In base 3, what is 1010 + -1020101202?
-1020100122
In base 13, what is -60c + -3?
-612
In base 7, what is 663243 + -5?
663235
In base 11, what is 4491 - -1?
4492
In base 3, what is 101022012 + -222?
101021020
In base 9, what is 5 - 1138510?
-1138504
In base 9, what is -3 + 137135?
137132
In base 9, what is 4 + -63571?
-63566
In base 15, what is 73cd8 + -1?
73cd7
In base 16, what is -1f6 - -1a?
-1dc
In base 3, what is -12 + 1010012202220?
1010012202201
In base 11, what is a - 4165?
-4156
In base 10, what is -23 - -1403?
1380
In base 2, what is -1100111 + -110001?
-10011000
In base 16, what is 17 + -6704?
-66ed
In base 15, what is 1c66c + -4?
1c668
In base 4, what is 13 - -21000302?
21000321
In base 5, what is -103031010 - -4?
-103031001
In base 12, what is -19 + 106?
a9
In base 7, what is 2600435 + -5?
2600430
In base 11, what is 30 + -2249?
-2219
In base 4, what is -311032 - 323?
-312021
In base 6, what is 11342 + -2413?
4525
In base 7, what is 1224 + -245?
646
In base 3, what is -11211 + 100022022?
100010111
In base 7, what is 2 + -136130?
-136125
In base 12, what is -1 - 17b7b?
-17b80
In base 2, what is -1101 + -111010001?
-111011110
In base 15, what is -822 + 0?
-822
In base 5, what is 10311 - 2224?
3032
In base 9, what is -3 + 182772?
182768
In base 14, what is a5 + -409?
-344
In base 2, what is 10 - -11000011001011111?
11000011001100001
In base 11, what is -75 + -100?
-175
In base 15, what is 1432e - 1a?
14314
In base 4, what is 12303123 - -10?
12303133
In base 13, what is 4 + 87430?
87434
In base 12, what is 7679 + -93?
75a6
In base 13, what is -2b053 - 3?
-2b056
In base 5, what is -112 + 231112?
231000
In base 5, what is -14 - -14410?
14341
In base 7, what is -30 + 155064?
155034
In base 15, what is -1 + 716b?
716a
In base 8, what is -12 + 3062?
3050
In base 7, what is 630 + -32?
565
In base 2, what is 111101011000011 - 0?
111101011000011
In base 6, what is -3 + -2115112?
-2115115
In base 6, what is 3144 - 445?
2255
In base 4, what is -31203 - -13?
-31130
In base 13, what is -2019b + 24?
-20177
In base 6, what is 2 - -5310333?
5310335
In base 14, what is -39a459 - 1?
-39a45a
In base 7, what is 14605 - 224?
14351
In base 3, what is -20022021222 + -1?
-20022022000
In base 3, what is -1011 - 100010112?
-100011200
In base 8, what is -317 - -3162?
2643
In base 13, what is -3 - 104a?
-1050
In base 12, what is 161a5 + -4?
161a1
In base 3, what is 21121020122 + 0?
21121020122
In base 16, what is 250 - -f2?
342
In base 2, what is 1 + 101000101100110?
101000101100111
In base 15, what is -5c77 - b?
-5c83
In base 14, what is -3b7 - 9?
-3c2
In base 8, what is 3 + -252022?
-252017
In base 5, what is -231 - 13043?
-13324
In base 4, what is 11100 + 32321?
110021
In base 10, what is -5548 + -36?
-5584
In base 8, what is 60353 + -125?
60226
In base 7, what is 4 + 1325435?
1325442
In base 16, what is db3c8 + 0?
db3c8
In base 7, what is 336 - -502?
1141
In base 15, what is -4 - 934b?
-9350
In base 16, what is 2 + 11764?
11766
In base 11, what is 102 + 3461?
3563
In base 10, what is -3 - 24340?
-24343
In base 14, what is -5 + 4335?
4330
In base 13, what is 66 + -2b6?
-250
In base 16, what is 4 - 57e?
-57a
In base 12, what is 53a03a + 1?
53a03b
In base 5, what is 1042 - -2034?
3131
In base 3, what is -100220211 + -1000?
-100221211
In base 15, what is 206d6 + -7?
206ce
In base 16, what is -4ed - 1ee?
-6db
In base 11, what is 814 + 295?
aa9
In base 12, what is -46 + 17029?
16ba3
In base 4, what is 1 - 2013222331?
-2013222330
In base 11, what is -2 + 2424?
2422
In base 9, what is 68361 - 2?
68358
In base 5, what is 242324 - -12?
242341
In base 3, what is 0 + -12212222011?
-12212222011
In base 10, what is 1283 - -23?
1306
In base 9, what is 34 - -2532?
2566
In base 16, what is -1